 d be r(2). What is the highest common factor of 288 and d?
72
Let t(v) = 5*v**2 - 2*v - 10. Let g be t(-2). Calculate the highest common divisor of 8 and g.
2
Let a = -58 + 62. Let i be 12/16 + (1 - (-45)/a). What is the greatest common factor of i and 143?
13
Suppose 0 = 5*m + 2*s - 220 - 112, 2*m + s - 133 = 0. What is the greatest common divisor of m and 484?
22
Let q(x) = x**3 + 10*x**2 + 10*x + 15. Let y be q(-7). Suppose -2*m + 216 = -y. What is the highest common divisor of 14 and m?
14
Let d = -184 - -108. Let i be d/(-16)*(-60)/(-5). Let y = 54 - 16. What is the greatest common factor of i and y?
19
Suppose 112 + 176 = 6*y. What is the greatest common factor of 36 and y?
12
Suppose -20*o + 34*o - 714 = 0. Calculate the highest common divisor of o and 17.
17
Let m = 44 - 41. Suppose -2*s + 2*v + 40 = -0*s, m*v = 5*s - 92. Calculate the greatest common divisor of 4 and s.
4
Let u(c) = 5*c**2 + 131*c + 70. Let o be u(-29). What is the greatest common factor of 136 and o?
68
Let r(d) = 2*d**2 + d - 5. Let a(y) = -y**2 - y. Let w(h) = a(h) + r(h). Let k be w(4). What is the greatest common divisor of 33 and k?
11
Let l = 206 - 177. What is the greatest common divisor of 58 and l?
29
Suppose 5*z + 343 = -3*w, -4*w - z + 88 = 568. Let s = -73 - w. Calculate the highest common factor of 16 and s.
16
Suppose 4*j - 217 + 710 = -5*g, 0 = -5*j - 10. Let n = g - -121. What is the greatest common divisor of 16 and n?
8
Let h be -5*6/20*8. Let o be 32/(-12)*h*2. Suppose 2*t - 3*t = -8. What is the greatest common divisor of o and t?
8
Let g be (-15)/(-9) - 85/(-3). Calculate the highest common divisor of g and 20.
10
Suppose 0 = -2*q - 0*q - 24. Suppose 3*x = 3 - 6. Let m be (2/x)/(3/q). Calculate the greatest common divisor of m and 40.
8
Let m = -387 + 677. What is the greatest common factor of m and 10?
10
Suppose -3*f - 2*f + 228 = 4*z, 0 = -5*z - 3*f + 285. Calculate the greatest common divisor of 38 and z.
19
Let q(p) = -2*p + 3. Let u be q(-4). Suppose 4*d + 6 + 10 = 0. Let m be ((-70)/d + -1)*(12 + -10). Calculate the greatest common factor of u and m.
11
Let w(m) = m**2 + 18*m - 279. Let v be w(15). What is the greatest common divisor of 32 and v?
8
Suppose 5*q - 2*c = 12924, 4*c = -35*q + 31*q + 10328. Calculate the highest common factor of 76 and q.
76
Let v = -6 + 11. Let u(y) be the first derivative of y**4/4 - 4*y**3/3 - y**2/2 + 4*y - 79. Let z be u(v). Calculate the greatest common divisor of z and 36.
12
Let l be 76 + -28 - 12/(-1). What is the highest common divisor of 570 and l?
30
Let l be 264/42 + (-4)/14. Let y(i) = i**2 - 3*i - 16. Let v be y(l). Let r be (-11 + 3)/(1/(-2)). Calculate the greatest common factor of r and v.
2
Let x(p) = -21*p - 161. Let t be x(-13). Calculate the greatest common divisor of t and 7.
7
Let p(o) = -o**2 + 30*o - 104. Let b be p(17). What is the greatest common divisor of 13 and b?
13
Let r be (108/21 - 6)*-77. What is the greatest common divisor of r and 88?
22
Suppose 172 = 5*y - 3. Let k(i) = i**3 - 5*i**2 + 2. Let h be k(4). Let x be (h/(-3))/(2/6). What is the greatest common factor of y and x?
7
Let l = -587 + 692. Calculate the greatest common factor of 30 and l.
15
Suppose -5*i + 3*x = -2 + 14, 5*x = -i + 20. Suppose -5*f = -i - 65. What is the highest common divisor of 13 and f?
13
Let j be 143/5 - (-33)/(-55). Calculate the greatest common factor of 56 and j.
28
Let s(x) = 126*x - 476. Let q(u) = 14*u - 53. Let r(t) = 28*q(t) - 3*s(t). Let j be r(6). Calculate the highest common factor of j and 7.
7
Let m = 21 + -17. Suppose 0*k - m*k = -240. What is the highest common factor of k and 24?
12
Let z = -9 - -13. Suppose -z*k + 56 = -3*k. Let x = k - 31. What is the highest common factor of x and 225?
25
Let d be (-924)/(-72) + (-2)/(-12). Let s = d + -9. Suppose -36 = -s*r + 16. Calculate the highest common factor of r and 52.
13
Suppose 4*b = 5*l + 53, -3*l + 45 = 3*b + b. What is the greatest common divisor of b and 324?
12
Let c(j) be the third derivative of j**6/120 - 19*j**5/60 + 13*j**4/12 - j**3 + 14*j**2. Let p be c(18). Calculate the greatest common divisor of 92 and p.
46
Let d = 250 - 244. Calculate the greatest common divisor of 39 and d.
3
Suppose 9 = -3*v, b + 17 = -4*v - 7. Let r = 21 + b. Let p be ((-6)/(-8))/(4/96). What is the highest common factor of p and r?
9
Suppose k - 51 = -5*y, 0 = k + y - 2*y - 51. What is the greatest common divisor of 17 and k?
17
Let j = -82 - -116. What is the greatest common factor of 578 and j?
34
Let j be (-3 + 28/8)*0. Let g(t) = t + 8. Let b be g(j). Suppose 20 = y + b. What is the highest common divisor of y and 36?
12
Let x(j) = -j**3 + 33*j**2 - 116*j + 42. Let k be x(29). What is the highest common factor of 378 and k?
42
Let v be (-6)/4 - 135/(-18). Suppose 4*z - v*z = 42. Let y = z + 28. Calculate the highest common divisor of 14 and y.
7
Suppose 4*y = 2*b - 48, -2*y - 129 + 77 = -3*b. Calculate the greatest common factor of 938 and b.
14
Let k be (-117)/(-36) + (-2)/8. Suppose -3*f + 5*l + 74 = 0, -k = -f + 4*l + 10. Calculate the greatest common factor of 22 and f.
11
Let a(i) be the third derivative of i**5/12 + 5*i**4/24 + 5*i**3/6 + 12*i**2. Let c be a(-2). What is the highest common divisor of 20 and c?
5
Suppose -3*d + d = 108. Let r = 9 - d. Let j = 19 + -12. Calculate the highest common divisor of j and r.
7
Suppose -9 = -3*d, 11 = j + 3*d - 0. What is the highest common divisor of 4 and j?
2
Let n(k) = -k**3 + 3*k**2 + 2*k - 4. Let u be n(3). Suppose u*a + 48 = 10*a. Calculate the greatest common divisor of 66 and a.
6
Suppose 4*t + 27 - 43 = 0. Calculate the greatest common factor of 248 and t.
4
Let f = -175 - -326. Suppose -3*m + 543 = 3*n, f = m - 6*n + n. Calculate the greatest common factor of 16 and m.
16
Let b = -24 - -27. Suppose 4*y + 3*u = y, -b*y + u = -8. What is the greatest common divisor of 6 and y?
2
Let f = -183 - -343. What is the highest common factor of f and 30?
10
Let d = 958 + -734. Calculate the greatest common factor of 48 and d.
16
Let y(q) = 2*q + 6. Let w be y(5). Let r(m) = 8*m**2 + 33*m - 91. Let o be r(3). Calculate the greatest common factor of o and w.
16
Let x(t) = 3*t**2 - 15. Let m be x(3). What is the highest common divisor of m and 48?
12
Let r(x) = -x**3 - 7*x**2 + 13*x - 14. Let u be r(-10). Let p(t) = t**2 - 4*t - 20. Let w be p(-4). What is the greatest common divisor of w and u?
12
Let m be -14*(2 - 21/3). Suppose 129 = 4*h - 39. What is the highest common divisor of h and m?
14
Suppose 13*u + 8*u = 189. What is the greatest common factor of 15 and u?
3
Let f be (15 - (-1 - -1)) + 1. Let o be 27/18*((-30)/(-2) - -1). Calculate the greatest common divisor of f and o.
8
Let q be (0 - -216)*((-30)/4)/(-5). Calculate the greatest common divisor of q and 72.
36
Let g = -12 + 41. Suppose 10*a - 262 = 9*a + s, 0 = 2*a - 3*s - 525. What is the greatest common divisor of a and g?
29
Let f be -8*((-6183)/126 - (-2)/28). Calculate the greatest common divisor of f and 168.
56
Suppose 242 = 2*v - 5*q, 6*v - 346 = 3*v - q. Let d = v + -92. What is the highest common divisor of 40 and d?
8
Suppose 2*a - 765 = -5*v + 60, -3*a = v - 165. Let r be 90/4*4/6. What is the highest common factor of v and r?
15
Suppose 5*u = -l + 141, 6*u - 5*l - 79 = 3*u. Let t = 13 + -6. What is the highest common factor of u and t?
7
Let o(d) = d**3 - 12*d**2 - 2*d + 8. Let n be 37/3 - (-4)/(-12). Let f be o(n). Let i be 14/(-4)*f/1. Calculate the highest common factor of 7 and i.
7
Suppose -3*j = -3*x + 2*j + 20, 0 = -x - 4*j + 18. Suppose -x = -a - 7. Suppose -6 = -a*k - 0*k + 2*l, 3*l = 9. What is the greatest common factor of 8 and k?
4
Let b(d) = -d**3 - 7*d**2 + 8*d + 18. Let o be b(-8). Let j be 0 - -10 - (1 + (-12)/4). Calculate the greatest common factor of j and o.
6
Let k be (10/(-6))/(2/(-6)). Suppose -k*d = 4*s - 70, 0 = 5*s - 0*s + d - 77. Calculate the highest common factor of 60 and s.
15
Let y = 27 + -24. Suppose 4*n = -5*h + 136 + 18, 0 = -y*h - 5*n + 95. Calculate the greatest common divisor of 210 and h.
30
Let j(t) = t**3 - 13*t**2 + 54*t - 5. Let u be j(7). What is the greatest common divisor of 869 and u?
79
Let o(a) = a**3 - 11*a**2 + 3*a - 25. Let u be o(10). Let m = 122 + u. Calculate th